uppose 0 = -5*s - 2*h - 2, 6*s = 8*s + 4*h + 4. Suppose -19*g + 7942 - 2356 = s. Does 17 divide g?
False
Let j be 2783/5 - 32/(-80). Let c = j + -171. Suppose -5*r + 785 = 4*s, 0 = 2*s - 6*r + 2*r - c. Is 43 a factor of s?
False
Let m be 8/44 + (-40)/(-22) + 0. Suppose -g + 605 = 5*s, -m*s = s - g - 355. Does 20 divide s?
True
Let f(m) = 20*m**2 - 31*m + 47. Is 19 a factor of f(18)?
False
Let l = 1513 + -1519. Let s(w) = -w + 1. Let a(p) = -p**3 - 6*p**2 + 6*p - 16. Let c(y) = -a(y) - 6*s(y). Does 3 divide c(l)?
False
Let j(d) = -7 - 70*d**2 - 23 - 2*d**3 + 49*d**2 + 16*d. Does 44 divide j(-12)?
False
Let l(o) = 16 - 12*o**2 - o**3 + 9*o**2 + 2*o**3. Does 21 divide l(6)?
False
Suppose -4*o - 20 = -14*o. Suppose 4*l = 2*m + 388, -15*l - o*m = -13*l - 194. Is l a multiple of 14?
False
Is 3 a factor of ((-139)/(-4))/(10309/468 + -22)?
True
Let s be 216/52 + (-4)/26. Suppose -4*t + 2*r + 28 = -3*t, s*t - 3*r - 117 = 0. Is t a multiple of 6?
True
Let c be (3/6)/((-2)/1332) + -3. Let m = -201 - c. Is 9 a factor of m?
True
Suppose -4*g + 93 = 4*k - 1431, 4*g + 3*k = 1521. Suppose g - 42 = 7*m. Is m a multiple of 8?
True
Let f(c) = -14*c - 54 + 28*c**3 - 54*c**3 - 36*c**2 + 25*c**3. Is f(-36) a multiple of 21?
False
Let v(n) = 47*n**3 + n + 9. Suppose 0 = 3*c - 6, 10*z = 8*z - 4*c. Let s be v(z). Is 25 a factor of s/(-15) + (-8)/40?
True
Let z(c) = -14*c**3 + 33*c**2 + 154*c + 23. Does 22 divide z(-17)?
True
Let p(c) be the second derivative of 17*c**3/3 - 47*c**2/2 + 3*c. Let k be p(13). Suppose 3*b - 47 - k = -2*l, 0 = -5*l + b + 1105. Does 56 divide l?
False
Suppose -104*v + 521376 = -219208. Does 66 divide v?
False
Let g = 358 + -350. Is 11/(44/g) - -238 a multiple of 30?
True
Let g be (20/(-120))/(2/6)*-2. Is 23541/56 + (3/(-8))/g a multiple of 28?
True
Suppose -12*d - 4928 = -5*d. Let f = -287 - d. Is 24 a factor of f?
False
Suppose 0 = 29*u + 18*u - 32*u - 109725. Is 14 a factor of u?
False
Does 32 divide ((-6)/4)/(3/(-1408))?
True
Suppose 5*k + 24*q - 21*q = 47, -k = -3*q + 5. Suppose -3*x + p - 270 = -k*x, 0 = 4*x + 5*p - 262. Does 4 divide x?
True
Suppose -63 = -46*q + 213. Suppose 3*k - 3454 = -5*n, 3*k - 3419 = 8*n - q*n. Is k a multiple of 26?
False
Let n be (-2 - 11/(-5))*65. Suppose -2619 = -n*f + 215. Is f a multiple of 15?
False
Let a(v) = -v**3 + 6*v**2 + 2*v + 7. Let g be a(6). Suppose -20*t + 5 = -g*t. Suppose -q - 160 = -6*q + t*p, 4*p = 0. Does 4 divide q?
True
Suppose 0 = 156*a - 144*a - 9804. Is a a multiple of 43?
True
Suppose -527821 + 250132 = -36*r + 313503. Is 256 a factor of r?
False
Suppose -7*s + 0*s = -35. Suppose s*u = -5*f - 5, 4*u - 4*f - 6 = -6*f. Suppose 0*d = -3*d - u*q + 7, d - 4 = -q. Is d a multiple of 4?
False
Let n be (-617188)/(-130) + 3/(15/2). Suppose -n = -7*c - 590. Is 27 a factor of c?
True
Let t be 30/(-12)*1*1422/(-15). Let b = -124 + t. Suppose 2*n - 33 - b = 0. Is 24 a factor of n?
False
Let b be (-4)/(-26) + (-4902)/(-78) + 4. Let n(m) = -4*m**2 - 1. Let f be n(3). Let z = b + f. Is 15 a factor of z?
True
Let k(u) = -88*u - 974. Is 10 a factor of k(-33)?
True
Suppose 3*d + 6*p - 51617 = 4*p, -d + 17208 = p. Does 27 divide d?
False
Let n(q) = -2*q**2 - 1. Let z(i) = -i**2 - 53*i + 22. Let w(j) = 2*n(j) - z(j). Is 14 a factor of w(16)?
True
Let a be (-12)/(12 - 0)*182*1. Let s = a + 699. Is s a multiple of 11?
True
Suppose 2*h + 12855 = v, -3*v - 3*h + 17572 = -20939. Does 15 divide v?
False
Suppose 10*b - 504 + 154 = 0. Let c be -1 - (-54 - (2 - 3)). Let a = c - b. Is 4 a factor of a?
False
Let s(m) = -m + 15. Let k be s(14). Is 29 a factor of (k - -381)/(33 + -31)?
False
Let n be (-1 + 0 - -2) + -100 - 1. Let f = n + 105. Suppose 287 = 3*h + f*c, 5*h - 4*h - 94 = -2*c. Is h a multiple of 13?
True
Let t = -336 - -339. Suppose -t*y = -7*y + 980. Is 20 a factor of y?
False
Suppose -5*m + 5*y + 35 = 0, -20 = 4*m + 5*y - 3. Suppose 73 + 173 = 5*c - m*i, -4*c = 2*i - 204. Is 9 a factor of c?
False
Let a(t) = -t + 25. Let f be a(26). Let h(x) = 2*x + 2. Let o be h(f). Suppose -2*v + q + 77 = 3*v, 3*q + 6 = o. Does 5 divide v?
True
Let f be (-2745)/(-10) + -3 + 15/(-10). Suppose -g = -t - f, -3*g - 4*t + 558 = -g. Does 13 divide g?
True
Suppose 112073 = 44*z - 47515. Is 85 a factor of z?
False
Let m(s) = -2*s**3 - 3*s**2 - 3*s - 4. Let j be m(-2). Let k(z) = -z**2 - z + 42. Let u be k(j). Suppose u*d - 480 = -2*d. Does 60 divide d?
True
Suppose -76*b = 33*b + 57*b - 1523880. Does 13 divide b?
False
Let c be 1 + -4 + 874 + -6. Suppose -5*s - 5*g + c = -s, g - 1055 = -5*s. Is s a multiple of 42?
True
Suppose 3*s - 5 = 22, -10242 = -2*t + 2*s. Is t even?
True
Suppose -2*f + 3*f - 4*b = 310, -5*f = -2*b - 1640. Suppose 0 = -10*j + f + 190. Is j a multiple of 52?
True
Suppose a = -12*g + 7*g + 11, -1 = -a. Suppose 0 = g*y + 10, -6*h + 4*y = -4*h - 38. Suppose t - 110 = -h*t. Is t even?
False
Suppose -3*s - 3*h + 34 = 16, 2*h + 12 = 2*s. Suppose 3932 = s*m - 718. Does 25 divide m?
True
Suppose 38*w - 3325000 = -60*w - 92*w. Is w a multiple of 167?
False
Suppose -67 = -5*t + r - 4, 2*t + 2*r = 18. Suppose -4*u = -u + t, 5*u - 1580 = -5*p. Is p a multiple of 10?
True
Let o = -98 - -96. Let k be o/4*(-3 + 193). Let q = k + 199. Is 16 a factor of q?
False
Let g(z) = -2*z**3 + 40*z**2 + 57*z + 48. Is g(21) a multiple of 8?
False
Let w be (2*1/3)/((-1)/(-18)). Suppose -k - 2*o + 305 = 0, 17*o - 1510 = -5*k + w*o. Is k a multiple of 35?
False
Let c(y) = y**3 - 5*y**2 - 6*y + 42. Let a be c(5). Is 2*(3 + 1638/a) a multiple of 28?
False
Let i(o) = -o**3 + 10*o**2 + 2*o + 40. Let q be -5 + (-3)/(-1) - (-11 + 3). Is i(q) a multiple of 7?
True
Suppose 8*g - 43 = 61. Is 13 a factor of (g + -4)/((-8)/(-504))?
False
Let g(q) = 268*q**2 - q. Let k be g(-2). Let p be (k/(-8))/((-6)/(-16)). Let t = -194 - p. Does 37 divide t?
False
Let b(i) = 60*i**3 + 10*i**2 + 4*i - 4. Let f be b(2). Suppose -3*u + 8*u - f = -4*w, -5*w - 4*u + 664 = 0. Is w a multiple of 8?
True
Suppose 4*k = 4*x + 72, 95 = 5*k - x - 15. Let z = k - 9. Suppose -9*m = -8*m - z. Does 7 divide m?
True
Let w(f) = -2 + 2*f - 2*f + 4 + f. Let o be w(3). Does 22 divide 47 + -1 - o/(30/(-18))?
False
Suppose 312951 = -138*y + 4585431. Is 12 a factor of y?
True
Let d(u) = 10*u**2 + 35*u - 178. Is 28 a factor of d(6)?
True
Suppose 68*a - 115*a = -448380. Is 16 a factor of a?
False
Suppose 3*g = z + 7, g = 4*g + 5*z - 1. Suppose -235 = -3*k - g*k. Let c = 55 - k. Is 4 a factor of c?
True
Suppose 19*f = 5*f - 14. Does 10 divide -8*f*4/8 + 156?
True
Let q(g) = -3*g**2 + 42*g - 19. Let o be q(13). Is 6846/45 + o/(-150) a multiple of 19?
True
Let d(p) = 4*p**2 + 21 - 13 + 0*p**3 - p**3 + 11*p. Let q be d(6). Does 17 divide (134/4 + q)*(-19 - -21)?
False
Suppose 2*u + 7*t = 10*t + 13, 17 = 4*u + 3*t. Does 51 divide -2 + 202 - (u - 4)?
False
Let w(r) = -118*r + 80 - 34 + 18*r + 173. Is w(-8) a multiple of 34?
False
Is (-146511)/(-21) + 495/(-693) a multiple of 17?
False
Let s be 11/(33/468)*(-2)/4. Let b = 96 + s. Is 8 a factor of (3*4/b)/(2/387)?
False
Let d = -378 + 392. Is (-10314)/(-42) + (-8)/d a multiple of 49?
True
Suppose 14 + 66 = -10*y. Let l(n) = 8*n**2 + 10*n + 18. Let u be l(y). Suppose -p - 4*p + u = 0. Is 10 a factor of p?
True
Suppose 4619*t - 4616*t = 12798. Is t a multiple of 54?
True
Let k be -4*2/8 + -7 + 4. Let l(s) = -6*s**3 - s**2 + 4*s + 14. Does 6 divide l(k)?
True
Let u(r) = r**3 - 11*r**2 - 29*r + 41. Let y be u(14). Let q = y + -39. Is 8 a factor of q?
True
Suppose 0*i = 2*b - 4*i + 374, -178 = b - 5*i. Let v = b + 442. Let a = v + -144. Does 21 divide a?
True
Suppose -8*q + 12 = -4. Suppose -b + 8 = -g + q, 5*g + 5 = 0. Suppose -h + 36 = u + h, -u + b*h + 43 = 0. Does 9 divide u?
False
Let h = -3250 + 2138. Is 5 a factor of (-232)/(-72) + -3 + h/(-18)?
False
Let a = 127 + -80. Let b = -43 + a. Suppose 0*i - 5 = -i - b*l, 0 = 5*i + l - 82. Does 13 divide i?
False
Let a be 87/6*(-4 - 24/(-4)). Suppose 3*d + g + a = 0, g + g = 4*d + 42. Is 7 a factor of 76 + d + -4 + 1?
True
Let z = -764 - -1086. Suppose -3*v = 4*k - 330, 0 = -0*k - 4*k + v + z. Does 3 divide k?
True
Suppose -2994 = -4*a - 2*a. Let h = a + -397. Does 2 divide h?
True
Let d(k) = 14*k**2 + 63*k - 9. Is 9 a factor of d(12)?
True
Let z(m) = m**2 + 2*m - 3. Let o be z(-6). Suppose 5*c 